
-14
Evaluate 10 + 11 + (-143 - -144) + 3 + 0.
25
What is 4 - (-12 + (30 + -21 - (-4 - -4)))?
7
(-26 - -16) + (2 - 4)
-12
What is the value of 23 + (6 - -14) + -26?
17
11 + 0 - 1 - (-1803 - -1794)
19
0 - (4 - (4 + 15))
15
Evaluate 8 - (0 + (3 - (1 + -1 + -5))).
0
Calculate (-4 + (22 - 29) - (-1 - 15)) + 15.
20
Evaluate ((4 + -3 - -5) + -6 - 4) + -4.
-8
Calculate 31 + -17 + -10 - 26.
-22
7 + -2 - (-5 + 19 - (-1 + 5))
-5
Evaluate (16 - (-14 - -17)) + -2.
11
What is the value of (15 + 13 - 7) + (-12 - -2) + 2?
13
What is the value of -28 - (24 + -69 - -20)?
-3
Calculate -35 + 4 + 6 + 11.
-14
Evaluate -1 - (-4 - -8) - (30 - (5 - 1)).
-31
What is (4 - (-6 - 6) - 8) + 7 + -1?
14
Calculate 34 + 9 + -11 + -14.
18
What is the value of 17 + -41 + -1 - -15?
-10
Calculate -46 + (13 - -34) - 16.
-15
What is the value of -14 + 10 + (-13 - -35)?
18
What is (-24 + 42 - 24) + (1 - 12)?
-17
What is the value of 7961 + -7985 + 0 + -1 + 12?
-13
Evaluate -2 + (-28 - (-13 + -7)).
-10
-5 - ((4 - (20 - -6)) + 4)
13
Calculate (0 + 8 - 9) + 3 + (6 - -2).
10
What is -4 + (16 - 23 - (2 + -13))?
0
Calculate 86 - 81 - (5 + 0 + -2).
2
(4 - (0 + 11) - -3) + (10 - 19)
-13
3 + (0 - (36 + -3)) + (-935 - -936)
-29
What is 330 - 319 - (20 - -1)?
-10
Evaluate -9 + (4 + -9 - -16) + 12.
14
13 - (1 + -6 + -2 + 16)
4
(-18 - (3 - 9) - -40) + -6 + 4
26
Calculate 2 + (5 + -5 + -1 - -1) + 6.
8
-3 - ((-20 - -15) + (1 - (1 + -1)))
1
What is the value of 151 + -142 + (-30 - 1)?
-22
(-155 - -161) + (2 + -2 - 1)
5
What is -324 + 319 + (-5 - 1)?
-11
What is -3 + (6 - 1) - (32 + -3 + -21)?
-6
Calculate (-2 + 4 - 0 - 10) + 12.
4
What is -142 + 157 + 4 + -50?
-31
Calculate -17 + -11 + 4 - -5.
-19
Calculate 37 + -24 - (10 - 0).
3
What is the value of -128 + 121 + 0 + 2 + 6 + -28?
-27
What is 39 + -49 - (-1 + -6)?
-3
1 - (-3 + 21) - (53 - 75)
5
What is 5 + -16 - (2 - -4)?
-17
Calculate 4 - (18 + -7 - 6) - (5 + -2).
-4
Evaluate 6 - 0 - -12 - (-8 + -7 + 10).
23
Calculate -17 + (-8 - -10 - -9).
-6
What is (-19 - (6 - 6 - 9)) + 23?
13
Evaluate 6 + 6 + 2 + 5 + 2 + -8.
13
What is the value of -47 + 58 - (1 - -10)?
0
Calculate -2 - 1 - (-3 - 3) - 6 - -1.
-2
What is the value of 49 - (29 - 14 - 0)?
34
What is the value of (1 - 0) + 2 + 6 + -14?
-5
(-1 - 12) + 1 + -10 + -1 + 11
-12
What is the value of -22 - (38 - 50 - 30)?
20
What is the value of -2 + (-42 - (-10 - 2))?
-32
1 - ((-3 - -12) + 3 - 17)
6
What is -89 - -94 - (2 - (1 + -2))?
2
What is (1 - 9) + (-66 - -76) + 3?
5
What is the value of 2 + 5 + (-10 + 8 - 9) + 7?
3
What is 1 + (-7 - -4) + -1 + 20?
17
What is the value of -14 - (12 - (-21 - -15))?
-32
(11 - 31) + 1 + 4
-15
(32 - (-10 + 20)) + (-3 - (-2 - -2))
19
Calculate (-13 - -40) + -37 + -4.
-14
What is -3 - (-11 - -24 - (3 + 12))?
-1
Calculate (-15 - (4 - -22)) + 26.
-15
42 + -71 + 10 - -9
-10
What is 2 - ((-3 - 9) + 15)?
-1
What is 2 - (-15 + 15 + -2 + 5)?
-1
What is the value of (-2 - 1) + (19 - 16) + 7 + 5?
12
What is the value of 46 + -49 + 28 + -1 - (12 - 5)?
17
Evaluate 96 - 106 - (0 + 1 - (-3 + 5)).
-9
What is 3 + 14 + 0 + -3?
14
What is (-12 - -6 - (-17 - -10)) + -11?
-10
What is 3 - 0 - (-7 + 2 + -7)?
15
Evaluate -5 + (-20 - (2 + -16)) - -4.
-7
(-29 - -14) + -5 - -33
13
What is the value of -12 - (8 + -3) - (-41 - 1)?
25
What is -15 + (12 - 1) + -2 + 14?
8
What is the value of -3 + (4 - -4) + -9 + 37?
33
What is the value of 18 + -7 + 19 + -14?
16
Evaluate 6 + -3 + 4 - 10.
-3
What is (29 + 28 - 72) + 4 + -1?
-12
14 - (-4 + 3) - (3 + -3 + -9)
24
Calculate -19 + (15 - (11 + -5)).
-10
What is 17 + -18 - ((2 - -2) + -1)?
-4
Calculate ((7 - -1) + 0 - 15 - -6) + 0.
-1
Calculate (-5 + (-8 - -12) - -12) + 2.
13
-27 + 10 + (8 - (0 - 2))
-7
What is the value of -12 - 2 - (9 + (-54 - -11))?
20
What is -7 + -37 - (-8 + -1 + 2)?
-37
Calculate -2 - (-23 + 23) - (-1 + 7).
-8
Calculate (-1 - (-15 + 16) - -8) + (-20 - 1).
-15
Evaluate -8 - (-13 - -1 - (10 - 11)).
3
What is the value of -13 - -23 - (-7 + 2 - -30)?
-15
What is the value of 1 - -8 - (368 - 379)?
20
(-7 - (-12 + -29)) + -28
6
What is (7 - -2 - -8) + (87 - 98)?
6
Calculate 13 + (6 - -11) + -28.
2
What is the value of 54 + -68 - (-1 + -2)?
-11
(-55 - -17 - -12) + -12 - -6
-32
What is the value of -13 + (87 - 96) + -1 + 1?
-22
What is -6 - (4 + -3) - (-18 - (8 + -10))?
9
What is -9 + -2 + (-6 + 7 - 0)?
-10
What is (-10 - -1 - (-19 - -1)) + -2?
7
What is 3 + -1 + -17 + 11?
-4
What is the value of 685 + -648 - (25 + -1)?
13
2 + 0 - (37 - 0 - 44)
9
What is the value of -30 + (-38 - -34 - -12)?
-22
What is the value of 5 + 5 - ((-14 - -19) + 13)?
-8
What is 2 - (3 + 2) - (-1 - (1 + -2))?
-3
Evaluate (8 - -2 - 11) + (6 + -2 - 18).
-15
What is the value of (-6 - 2) + 5 + (9 - 3)?
3
What is the value of 9 - (-9 + 9 + 7)?
2
Evaluate 4 - ((-8 - -34) + -10).
-12
Calculate (-39 - -16 - -9) + 48.
34
Evaluate -17 + (-16 - 11 - -9) + 43.
8
Calculate 16 + -1 + 2 - (-4 - 23 - -21).
23
Evaluate 14 + (-30 - ((-17 - -11) + -1)).
-9
39 + (2 - 41) + -15
-15
8 + (1 - 1 - 7 - 0)
1
Evaluate (16 - (40 - 22)) + (-1 - 1).
-4
Evaluate 9 - (30 + (-36 - -4)).
11
What is 8 + (5 - (4 - (0 - -1)))?
10
What is -24 + (23 - -34 - 19)?
14
Calculate -4 + -17 + 17 + (-1 - -12).
7
What is 22 + 2 + -16 - (-4 + 0)?
12
Evaluate (-6 - (-6 + -11)) + -14 + 10.
7
Calculate 4 + (-3 - (-12 + 8)) + 1 + 2.
8
Evaluate -7 + (7 - 5) - (2 + -4 + -2).
-1
-7 - (11 + (-9 - -1))
-10
Calculate -147 + 151 + (11 - 7) + (0 - 33).
-25
What is 12 + -19 + 10 + -13?
-10
What is the value of (-23 - -33) + (2 - 15)?
-3
Calculate -19 - (4 - -5 - (4 + (4 - 2))).
-22
What is the value of 4 + -3 + (-5 - 5) + 2 + 0?
-7
What is -1 + 8 + 1 + (-7 - 4)?
-3
Calculate 13 - -25 - 28 - (7 - (2 + 0)).
5
Evaluate 2 - -7 - (-9 - (-18 - 13)).
-13
Calculate (-11 - (-1 + 1 + -5)) + 1.
-5
(-1 - 0) + -6 + (4 - -2 - -1)
0
Calculate 8 - (-7 + 5 + -3 - (-2 + -8)).
3
Evaluate -1 + -13 + 33 + -37.
-18
What is 34 - (10 + (33 - 2))?
-7
1 + 4 - (7 - (19 - 28))
-11
What is 0 + 1 + -8 + 10891 + -10898?
-14
Evaluate -5 - ((-13 - (8 - 14)) + 22 + 9).
-29
What is -25 - (8 - (47 + -35))?
-21
15 - (-7 + 23) - -11
10
Evaluate -8 - (1 - (-15 - (7 + -13)) - 53).
35
What is -2 + (3 + 16 - 11) + -2?
4
Evaluate 2 + (8 + (6 + -14 - 5) - 3).
-6
Calculate -1 - (19 + -24 - (-1 + 3)).
6
Calculate -31 + (-4 + -22 - -33).
-24
What is the value of 4 + (-19 - ((-5 - 0) + 1 + 2))?
-13
16 + -14 - (-5 + (4 - -1) + 3)
-1
-2 + 3 + (-14 - -1 - -12) + -2
-2
Calculate (2 - (2 + -3)) + (6 + 7 - 11).
5
Calculate (-24 - (0 + 13 - 31)) + -25.
-31
Evaluate 1 - 8 - (5 + 5).
-17
What is the value of 1 - (-12 + (5 - 1 - 3) - -8)?
4
Evaluate -11 - ((10 - 13) + -1 + 2).
-9
What is the value of (-9 - (-2 - (-1 - -6))) + -6 + 1?
-7
Calculate 0 + 20 + -461 + 424.
-17
-19 + (5 - 8) + 9
-13
What is the value of 2 + (-35 - -16) + 3?
-14
Calculate 1 + -8 + 11 + (-2 - -18 - 13).
7
10 + -7 - (0 + -2) - (18 - 13)
0
4 + (-12 - (-3 - 12)) + (-7 - -3)
3
What is 18 + 3 + 0 + 1?
22
Evaluate (4 - -16) + -11 + 5.
14
What is the value of -29 + 27 + 4 - (0 - (-2 + 1))?
1
Evaluate 12 + -12 + -14 - (-3 + -1).
-10
What is the value of -103 + 116 + (3 - 25)?
-9
3 - 0 - (-4 + -1 + (-22 - -5))
25
(2 - -24) + 110 + -127 - -13
22
Evaluate -1 + (-8 + 11 - 2) + -3 + -3.
-6
What is -9 + 17 + -7 + (-21 - (1 + 0))?
-21
Evaluate 39 + 15 + (-37 - -2).
19
Evaluate (23 - (7 + -3)) + -4.
15
What is the value of (-14 - -7) + -17 + 16 + 1 + -4?
-11
What is 11 + -15 - (4 + -24)?
16
Calculate -4412 + 4388 - (-11 - (2 - 1)).
-12
What is 10 - (-23 - -14 - (-4 - (12 - 6)))?
9
3 + (-5 - (-8 - -5))
1
Evaluate -1 + 1 + (-33 - -35 - (-2 - -3)).
1
What is -48 + (41 - -8) - (-1 - 4)?
6
Evaluate (4 - 1) + -9 + (-2 + 1 - -17).
10
What is the value of -1 + (2 - 22) + 33?
12
What is the value of 7 + (-4 - (0 - -10 - 0))?
-7
What is the value of (1 - 1) + (209 - 207)?
2
Evaluate 28 - (46 + -36 - -29).
-11
What is the value of -18 + (13 - (24 - 12))?
-17
-4 + 7 + -4 + 3 + 2 + 8
12
Calculate -1 - (-9 - (-7 + -4)).
-3
Evaluate 2 - (-4 - -15 - (1 + -3)).
-11
What is 3 + (-15 - 6 - -12) + -2?
-8
Calculate -8 + -2 + (-7 - -1 - (4 - 8)).
-12
Evaluate 24 + -13 + 8 - (-1 + 10 + -4).
14
(51 - 51) + (-2 - -8) + -3
3
Calculate -81 + 69 - (3 + -1 + 0 + 4).
-18
What is 10 + -29 + -5 - -25?
1
Evaluate 6 - (0 - (-21 - -1)) - (43 - 43).
-14
(2